s + 2 + 15*s - s**k - 26*s. Let g be (1*-5*-1)/1. What is z(g)?
2
Let f(p) = -2*p**2 - 7*p - 5. Suppose 0 = 2*b - 13 + 73. Let m be (b/9)/((-2)/3). Suppose g + 24 = -m*l + 3*g, 5*g - 10 = 0. Determine f(l).
-9
Suppose 14*c + 0*c = 504. Let w be (16/c)/2 + (-61)/(-9). Let x(i) = -i + 6. Give x(w).
-1
Let v(u) = u**2 - 3*u - 1. Let r be (-68)/85*((-4)/1 - 1). Suppose 5 = -3*s + r*s. Calculate v(s).
9
Let n(o) = 3*o**3 - 2*o**2 + 3*o - 19. Let c(x) = -4*x**3 + 3*x**2 - 4*x + 28. Let g(f) = -5*c(f) - 7*n(f). Determine g(0).
-7
Let t(f) = -14*f**2 - 17*f**3 + 2*f + 38*f**3 + 13 - 20*f**3 - 3*f + 0. What is t(14)?
-1
Let z be 12/(-10)*5/(-3). Let m be 3/(7/z - 2). Let l(h) = -5*h + m*h + 3 + 2*h. Determine l(-5).
8
Let r(p) = -14*p**2 + 22*p - 16. Let s(n) = 5*n**2 - 7*n + 5. Let v(k) = -3*r(k) - 10*s(k). Give v(1).
-6
Let x(u) = -u**2 - 6*u - 5. Let l(m) = 3*m + 18. Let n(i) = -2*i - 18. Let f(q) = 4*l(q) + 3*n(q). Let a be f(-4). Determine x(a).
-5
Let c(v) = -v**3 + 18*v**2 + 20*v - 26. Suppose -34 + 186 = 8*k. Give c(k).
-7
Let i(j) be the first derivative of -j**3/3 + j**2 - 4*j + 220. Let u(v) = v**2 - 4*v - 2. Let z be u(5). Determine i(z).
-7
Let r(g) = -2*g**3 + 9*g**2 - g - 19. Let c be r(3). Let y(m) = m**3 - 7*m**2 + 6*m + 15. Determine y(c).
-5
Let d(s) = 7*s**2 - 5 - 8 + 7*s - 8*s**2 + 12 + 15. Determine d(9).
-4
Let s(v) be the first derivative of v**6/360 + v**5/120 + v**4/24 - 7*v**3 - 5. Let d(y) be the third derivative of s(y). Give d(-3).
7
Let k be (-1 + 0)/((-12)/(-144)). Let g = -12 - k. Let q(o) = -7*o**2 + o**3 + 5*o + o + 4 + g*o. Give q(6).
4
Let p(z) = 3*z**2 - 4*z + 2. Let y(b) = b**2 + 1. Let r(h) = p(h) - 4*y(h). Suppose 4*o - 5 = -x + 8, 3*x + 1 = -2*o. Calculate r(x).
1
Let g(f) = -3*f**3 - 16*f**2 + 5*f - 28. Let n(a) = -a**3 - 5*a**2 + 2*a - 8. Let r(q) = -2*g(q) + 7*n(q). Calculate r(-3).
-12
Let p(t) = -t**3 - 14*t**2 - 12*t + 6. Suppose 2*d = -5*l - 46, 2*l = -3*d - 5 - 42. Calculate p(d).
-7
Let m(a) = -10*a**2 - 7*a. Let v(x) = -8*x**2 - 5*x. Let l(r) = -3*m(r) + 4*v(r). Let c(t) = t + 4. Let s be c(-3). Give l(s).
-1
Let z(o) = -o**2 - 8*o + 17. Let y be z(-7). Suppose -18 = -7*x + y. Let p(i) = i**2 - 8*i + 9. Calculate p(x).
-3
Let v(s) = 18*s**2 + 11*s - 8. Let p(l) = -5*l**2 - 4*l + 3. Let h(i) = -7*p(i) - 2*v(i). Give h(7).
-12
Suppose 4*t - 2 = -18. Let l be -3 - (5 + t - (-1)/1). Let b(w) = w**3 + 4*w**2 - 2*w + 4. Calculate b(l).
-11
Let r(l) = l - 16. Suppose -2*m - 4*a + 54 = 0, -75 = 2*m - 7*m + 2*a. Give r(m).
1
Suppose 13*k - 18*k + 17 = -3*g, 5*k - 45 = 5*g. Let v(i) = i - 6. Calculate v(g).
-20
Let d(k) be the third derivative of -k**5/60 + k**4/24 - 17*k**2 + 1. Suppose v + 3 = 2*b, 2*v - 1 = -5*b + 2. Give d(b).
0
Suppose 0 = -13*u + 27 + 25. Let j(n) = -n**3 + 3 - 5*n - 9 + u*n**2 - n + 2*n**3. Calculate j(-5).
-1
Let s(n) be the third derivative of -7*n**4/24 + 7*n**3/6 + 10*n**2. Let h be s(2). Let c(m) = m**2 + 6*m - 2. Determine c(h).
5
Suppose s = 3*i + 10, s = 4*i + i + 16. Let y(d) = -38*d**2 + d - 1. Determine y(s).
-38
Let h(u) = -u**2 - 6*u - 4. Let t be h(-5). Let i(z) = -4 + z + t - 2*z**2 + 2. Suppose 9*k = 20*k - 22. Give i(k).
-7
Let x(r) be the third derivative of -r**4/8 + 2*r**3/3 - r**2. Suppose 0 = -2*a - 61 + 173. Let j = a + -60. Give x(j).
16
Let v(w) be the second derivative of -w**5 + w**2/2 + 2*w - 14. Determine v(-1).
21
Suppose -52 = -y - 2*m, -y = -5*y - m + 229. Let u(b) = 5*b + y - 3*b - 57. What is u(7)?
15
Let l(c) be the third derivative of -c**7/2520 + c**6/720 - 3*c**4/8 - 10*c**2. Let q(w) be the second derivative of l(w). Determine q(2).
-2
Let z be -3*(-1)/(3/3). Suppose 0 = z*g - 0*g + 6. Let b(s) = -3*s**2 + 8*s - 2 + 6*s**2 - 7*s. What is b(g)?
8
Let y(b) be the second derivative of b**4/12 + 17*b**3/6 - 11*b**2/2 - 102*b. Determine y(-18).
7
Let g(l) be the second derivative of 5*l**3/3 - l**2/2 + 28*l. Determine g(2).
19
Let s(g) = -7*g**2 + 5*g - 16. Let d(w) = 20*w**2 - 14*w + 47. Let z(o) = 6*d(o) + 17*s(o). Suppose 2*b - 8 = 2*n, 0 = 4*n - 2 + 18. Give z(b).
10
Let l = 16 - 21. Let a be 5 - 2 - (0 - l). Let g(o) be the third derivative of o**6/60 - o**4/24 + o**3/3 - o**2. Calculate g(a).
-12
Suppose -2*p = -6 + 10. Let o(h) be the first derivative of -2*h**2 - h + 5. Determine o(p).
7
Suppose 2*x - 3*w = 5*x, -x - 4*w - 6 = 0. Let o(g) = -5*g**2 - g**3 + 9*g + 10 - 6 + x. Give o(-6).
-12
Suppose 2*m + 27 = 3*p + 7, 2*m + 4*p = -48. Let h(f) = f**2 - 7*f + 3. Let c(n) = -6*n**2 + 36*n - 16. Let a(q) = m*h(q) - 3*c(q). What is a(-4)?
16
Let t(m) = 3*m**2 - 14*m - 10. Let i(d) = -d**2 + d + 2. Let g(p) = -4*i(p) - t(p). Give g(-4).
-22
Let v(x) = 12*x - 75. Let q(h) = 3*h + 141. Let s be q(-45). Give v(s).
-3
Let z(n) = 2*n + 1. Let t(j) = 29*j - 27. Let u be t(1). Give z(u).
5
Let s(t) be the third derivative of -1/24*t**4 - 42*t**2 + 0*t + 0*t**5 + 1/6*t**3 + 2 - 1/24*t**6. Suppose 2*w - 1 = n + 2, -4*n - 1 = 3*w. Give s(w).
-5
Let m(c) = -c**2 - 8*c + 10. Let o be -4 - (70/14 + 0 + 1). What is m(o)?
-10
Suppose -8 = -2*g - 4. Let a(u) = 3 - u**2 + u**2 + u**g. Let o be 9 + 1 + (-170)/20 + (-15)/(-10). Give a(o).
12
Suppose 4*h + 12 = -4*f, -h = -6*h - f - 23. Let w = 8 - 6. Let b(o) = -3 + 5*o**3 - 4*o**3 + o**2 + 4*o**w. Calculate b(h).
-3
Let m(h) be the second derivative of h**5/60 - 5*h**4/24 + 2*h**3/3 + 15*h**2/2 + 40*h. Let g(j) be the first derivative of m(j). What is g(5)?
4
Suppose 0 = -3*q + 5*q - 5*y, y = -3*q + 17. Let d = q + -8. Let g(r) = -9*r**2 - 21 + 0*r + 11*r**2 + 25 + 4*r. What is g(d)?
10
Let w(g) = -g**3 + 7*g**2 - 5*g - 4. Let p be w(6). Let x(c) = 4*c**2 + 13*c**3 - 4*c**3 - 3*c**p. Suppose 5*i - 6 = d, -2*d - 3 = -6*i + 5*i. Calculate x(d).
-8
Let a = 7 + -4. Suppose -5*v = 2*s - a, 4 = -s + 2*v + 1. Let p(n) be the first derivative of 3*n**4/2 - n**3/3 - n**2/2 - n - 600. Give p(s).
-7
Suppose 0 = c - 64*c. Let h(j) = -2*j + 64. What is h(c)?
64
Let c be (-1)/(5/15)*1. Let q(x) = -5*x**3 - 5*x**2 + x - 1. Let d(p) = 2*p**3 + 2*p**2. Let a(j) = 7*d(j) + 3*q(j). What is a(c)?
6
Suppose -8 = -5*f - 3*f. Suppose -4*k + 36 = -3*x - f, -k - 5 = 4*x. Let b(w) = w**2 - 8*w - 1. Determine b(k).
-8
Let h(t) = -t**3 - 4*t**2 + 3*t - 4. Suppose -y = -5*m - 20, 0 = -m - 0*m - 1. Suppose 0 = 3*c - 0*c + a + 17, -5*c + 5*a = y. Calculate h(c).
6
Let r(m) = -m**2 - m - 1. Let u(x) = 2*x**2 - x - 2. Let n(d) = d - 7. Let v be n(12). Let i = v + -4. Let f(c) = i*u(c) - r(c). Determine f(-1).
2
Let s be (-10)/(-20) + (-33)/(-6). Let v(w) = -2*w + 8*w - s*w + 13 + w. Determine v(0).
13
Let a(w) = -2*w + 28. Let n be a(20). Suppose i - y - 3 = -4*y, -3*i = -y + 11. Let l be (-20)/n + 2/i. Let h(x) = -7*x. Determine h(l).
-7
Let r(l) = -l + 2. Let s(v) = 2*v - 5. Let z(f) = -8*r(f) - 3*s(f). Let q(n) = 5*n + 6. Let g(y) = -q(y) + 3*z(y). Give g(7).
-2
Suppose 0*q - 2*q + 6 = 0. Let u(l) = 22*l + 1. Let p(j) = 35*j + 1. Let o(n) = 2*p(n) - 3*u(n). Determine o(q).
11
Let s(a) = -a**2 + 6*a - 6. Let h be s(6). Let v be (-2)/h*1*6. Let d(o) = o. Let k(x) = -5*x. Let c(r) = -d(r) - k(r). Calculate c(v).
8
Suppose 13 - 5 = 4*f. Let d(j) = -j**3 + 4*j**2 + 5*j + 3. Let p be d(5). Suppose 4 = 4*g + f*q, -2*g + 5 = 3*g - p*q. Let x(i) = -i + 1. What is x(g)?
0
Let p(s) = 3*s - 3*s - 6 + s. Let k be (-1)/(-3 + 2)*5. Suppose -k*w + 10 = -3*u, 0*w = 2*w + 2*u - 20. Calculate p(w).
-1
Let o(x) = -5 + 8*x + 2 - x**2 + 6 - 4 + 0. Let t(q) = -q**3 - 7*q**2 - 6*q + 7. Let v be t(-6). Calculate o(v).
6
Let u(h) = 3*h**2 + 21*h + 2. Let p(q) = q**2 - 3*q - 47. Let w be p(-5). Determine u(w).
2
Let c be (63/(-315))/(((-4)/60)/1). Let i(m) = 4*m + 1. Let w be i(1). Let p(y) = 2*y**2 - 4*y**2 + w*y**2 + 2 - y - y**3. Determine p(c).
-1
Let y(s) = s + 41. Let r(i) = -3*i - 99. Let m(u) = -5*r(u) - 12*y(u). Let n be (1/1)/(1/(-7)). Determine m(n).
-18
Let i(y) = y. Suppose -162 = 4*f + c, 2*f + 5*c = -0*c - 72. Let z = f - -45. Determine i(z).
4
Let f(x) = 3*x**2 - 15*x - 12. Let g(n) = -4*n**2 + 16*n + 13. Let i(w) = 5*f(w) + 4*g(w). Calculate i(-8).
16
Let s(c) be the first derivative of -2*c + 12 - 3/2*c**2. Calculate s(-4).
10
Let z(k) = 5*k + 1. Let n(f) = 0*f + 5 + 1 - f + 2*f. Let u = -52 - -44. Let h be n(u). Determine z(h).
-9
Let n(d) = -1 - 5*d 